{"id":2353,"date":"2023-05-23T12:48:00","date_gmt":"2023-05-23T12:48:00","guid":{"rendered":"https:\/\/apl.uni-ak.ac.at\/?page_id=2353"},"modified":"2026-02-10T12:46:17","modified_gmt":"2026-02-10T12:46:17","slug":"organisation","status":"publish","type":"page","link":"https:\/\/apl.uni-ak.ac.at\/index.php\/organisation\/","title":{"rendered":"Organisation"},"content":{"rendered":"\t\t<div data-elementor-type=\"wp-page\" data-elementor-id=\"2353\" class=\"elementor elementor-2353\">\n\t\t\t\t<div class=\"elementor-element elementor-element-541ab80 e-flex e-con-boxed e-con e-parent\" data-id=\"541ab80\" data-element_type=\"container\" data-e-type=\"container\">\n\t\t\t\t\t<div class=\"e-con-inner\">\n\t\t\t\t<div class=\"elementor-element elementor-element-27abe35 elementor-widget elementor-widget-heading\" data-id=\"27abe35\" data-element_type=\"widget\" data-e-type=\"widget\" data-widget_type=\"heading.default\">\n\t\t\t\t<div class=\"elementor-widget-container\">\n\t\t\t\t\t<h2 class=\"elementor-heading-title elementor-size-default\">Vision<\/h2>\t\t\t\t<\/div>\n\t\t\t\t<\/div>\n\t\t\t\t<div class=\"elementor-element elementor-element-c940a0a elementor-widget elementor-widget-text-editor\" data-id=\"c940a0a\" data-element_type=\"widget\" data-e-type=\"widget\" data-widget_type=\"text-editor.default\">\n\t\t\t\t<div class=\"elementor-widget-container\">\n\t\t\t\t\t\t\t\t\t<p>Multiperspektivisches Wissen, somatische Praxis und K\u00f6rperdenken werden in der Angewandten, freien Szene und Gesellschaft gelebt. Nachhaltigkeit und Vielfalt sind zur Selbstverst\u00e4ndlichkeit geworden. Daf\u00fcr werden Kompetenzen &amp; Ressourcen im APL geb\u00fcndelt und die Energie aller APL-Akteur*innen in diese Richtung gelenkt.<\/p>\t\t\t\t\t\t\t\t<\/div>\n\t\t\t\t<\/div>\n\t\t\t\t<div class=\"elementor-element elementor-element-4714833 elementor-widget elementor-widget-heading\" data-id=\"4714833\" data-element_type=\"widget\" data-e-type=\"widget\" data-widget_type=\"heading.default\">\n\t\t\t\t<div class=\"elementor-widget-container\">\n\t\t\t\t\t<h2 class=\"elementor-heading-title elementor-size-default\">Mission<\/h2>\t\t\t\t<\/div>\n\t\t\t\t<\/div>\n\t\t\t\t<div class=\"elementor-element elementor-element-0a89af2 elementor-widget elementor-widget-text-editor\" data-id=\"0a89af2\" data-element_type=\"widget\" data-e-type=\"widget\" data-widget_type=\"text-editor.default\">\n\t\t\t\t<div class=\"elementor-widget-container\">\n\t\t\t\t\t\t\t\t\t<ul><li>Wir vernetzen uns mit allen Instituten der Angewandten.<\/li><li>Durch unsere k\u00fcnstlerische Praxis positionieren wir das APL als best-practice Hub und wirken durch transversale Verflechtung als Austauschort f\u00fcr somatische Praxis, Nachhaltigkeit und gelebte Vielfalt. Das APL wirkt als Vorzeige-Lab und Pr\u00e4sentationsraum f\u00fcr performative Forschung und Lehre f\u00fcr die Angewandte in \u00d6sterreich &amp; Europa.<\/li><li>Mit unseren Performance-Aktivit\u00e4ten unterst\u00fctzen wir nachhaltig, gesellschaftliche \u00c4nderungsprozesse und vernetzen uns \u00d6sterreich und EU \u2013 weit mit B\u00fcndnispartner*innen.<\/li><li>Als APL kooperieren wir mit der freien Szene und sind zugleich ein Teil davon.<\/li><li>Unsere bewegliche Organisation macht eine nachhaltige Umsetzung unserer Kreationen m\u00f6glich.<\/li><li>Wir publizieren unsere Erfolge in B\u00fcchern und Journalen.<\/li><\/ul>\t\t\t\t\t\t\t\t<\/div>\n\t\t\t\t<\/div>\n\t\t\t\t\t<\/div>\n\t\t\t\t<\/div>\n\t\t<div class=\"elementor-element elementor-element-b445136 e-flex e-con-boxed e-con e-parent\" data-id=\"b445136\" data-element_type=\"container\" data-e-type=\"container\">\n\t\t\t\t\t<div class=\"e-con-inner\">\n\t\t\t\t<div class=\"elementor-element elementor-element-6af10e6 elementor-widget elementor-widget-text-editor\" data-id=\"6af10e6\" data-element_type=\"widget\" data-e-type=\"widget\" data-widget_type=\"text-editor.default\">\n\t\t\t\t<div class=\"elementor-widget-container\">\n\t\t\t\t\t\t\t\t\t<p><strong>ANTENNE Forschung und Lehre (F\/L)<\/strong><\/p><p>Antenna F&amp;L ist ein Forschungsumgebung, die durch performative Praxen intra-universit\u00e4r\/ institutionell Wissenstransfer international initiiert, untersucht und ver\u00f6ffentlicht.<\/p><p><strong>ANTENNE Outreach &amp; (Inter)Action O\/(I)A<\/strong><\/p><p>Die Antenna Outreach &amp; Interaction ist ein praxisorientiertes HUB, das Unterst\u00fctzung und Fachwissen im Bereich der Performancekunst bietet. Sie ist mit der Universit\u00e4t, dem Berufsfeld und der freien Szene verbunden, um durch Neugier, Prosperit\u00e4t und Vielfalt eine transformative Wirkung zu erzielen.<\/p><p>\u00a0<\/p>\t\t\t\t\t\t\t\t<\/div>\n\t\t\t\t<\/div>\n\t\t\t\t\t<\/div>\n\t\t\t\t<\/div>\n\t\t\t\t<\/div>\n\t\t","protected":false},"excerpt":{"rendered":"<p>Vision Multiperspektivisches Wissen, somatische Praxis und K\u00f6rperdenken werden in der Angewandten, freien Szene und Gesellschaft gelebt. Nachhaltigkeit und Vielfalt sind zur Selbstverst\u00e4ndlichkeit [&hellip;]<\/p>\n","protected":false},"author":1,"featured_media":0,"parent":0,"menu_order":0,"comment_status":"closed","ping_status":"closed","template":"","meta":{"footnotes":""},"class_list":["post-2353","page","type-page","status-publish","hentry"],"_links":{"self":[{"href":"https:\/\/apl.uni-ak.ac.at\/index.php\/wp-json\/wp\/v2\/pages\/2353","targetHints":{"allow":["GET"]}}],"collection":[{"href":"https:\/\/apl.uni-ak.ac.at\/index.php\/wp-json\/wp\/v2\/pages"}],"about":[{"href":"https:\/\/apl.uni-ak.ac.at\/index.php\/wp-json\/wp\/v2\/types\/page"}],"author":[{"embeddable":true,"href":"https:\/\/apl.uni-ak.ac.at\/index.php\/wp-json\/wp\/v2\/users\/1"}],"replies":[{"embeddable":true,"href":"https:\/\/apl.uni-ak.ac.at\/index.php\/wp-json\/wp\/v2\/comments?post=2353"}],"version-history":[{"count":22,"href":"https:\/\/apl.uni-ak.ac.at\/index.php\/wp-json\/wp\/v2\/pages\/2353\/revisions"}],"predecessor-version":[{"id":3734,"href":"https:\/\/apl.uni-ak.ac.at\/index.php\/wp-json\/wp\/v2\/pages\/2353\/revisions\/3734"}],"wp:attachment":[{"href":"https:\/\/apl.uni-ak.ac.at\/index.php\/wp-json\/wp\/v2\/media?parent=2353"}],"curies":[{"name":"wp","href":"https:\/\/api.w.org\/{rel}","templated":true}]}}

<div data-elementor-type="wp-page" data-elementor-id="2353" class="elementor elementor-2353">
				<div class="elementor-element elementor-element-541ab80 e-flex e-con-boxed e-con e-parent" data-id="541ab80" data-element_type="container" data-e-type="container">
					<div class="e-con-inner">
				<div class="elementor-element elementor-element-27abe35 elementor-widget elementor-widget-heading" data-id="27abe35" data-element_type="widget" data-e-type="widget" data-widget_type="heading.default">
				<div class="elementor-widget-container">
					<h2 class="elementor-heading-title elementor-size-default">Vision</h2>				</div>
				</div>
				<div class="elementor-element elementor-element-c940a0a elementor-widget elementor-widget-text-editor" data-id="c940a0a" data-element_type="widget" data-e-type="widget" data-widget_type="text-editor.default">
				<div class="elementor-widget-container">
									<p>Multiperspektivisches Wissen, somatische Praxis und Körperdenken werden in der Angewandten, freien Szene und Gesellschaft gelebt. Nachhaltigkeit und Vielfalt sind zur Selbstverständlichkeit geworden. Dafür werden Kompetenzen &amp; Ressourcen im APL gebündelt und die Energie aller APL-Akteur*innen in diese Richtung gelenkt.</p>								</div>
				</div>
				<div class="elementor-element elementor-element-4714833 elementor-widget elementor-widget-heading" data-id="4714833" data-element_type="widget" data-e-type="widget" data-widget_type="heading.default">
				<div class="elementor-widget-container">
					<h2 class="elementor-heading-title elementor-size-default">Mission</h2>				</div>
				</div>
				<div class="elementor-element elementor-element-0a89af2 elementor-widget elementor-widget-text-editor" data-id="0a89af2" data-element_type="widget" data-e-type="widget" data-widget_type="text-editor.default">
				<div class="elementor-widget-container">
									<ul><li>Wir vernetzen uns mit allen Instituten der Angewandten.</li><li>Durch unsere künstlerische Praxis positionieren wir das APL als best-practice Hub und wirken durch transversale Verflechtung als Austauschort für somatische Praxis, Nachhaltigkeit und gelebte Vielfalt. Das APL wirkt als Vorzeige-Lab und Präsentationsraum für performative Forschung und Lehre für die Angewandte in Österreich &amp; Europa.</li><li>Mit unseren Performance-Aktivitäten unterstützen wir nachhaltig, gesellschaftliche Änderungsprozesse und vernetzen uns Österreich und EU – weit mit Bündnispartner*innen.</li><li>Als APL kooperieren wir mit der freien Szene und sind zugleich ein Teil davon.</li><li>Unsere bewegliche Organisation macht eine nachhaltige Umsetzung unserer Kreationen möglich.</li><li>Wir publizieren unsere Erfolge in Büchern und Journalen.</li></ul>								</div>
				</div>
					</div>
				</div>
		<div class="elementor-element elementor-element-b445136 e-flex e-con-boxed e-con e-parent" data-id="b445136" data-element_type="container" data-e-type="container">
					<div class="e-con-inner">
				<div class="elementor-element elementor-element-6af10e6 elementor-widget elementor-widget-text-editor" data-id="6af10e6" data-element_type="widget" data-e-type="widget" data-widget_type="text-editor.default">
				<div class="elementor-widget-container">
									<p><strong>ANTENNE Forschung und Lehre (F/L)</strong></p><p>Antenna F&amp;L ist ein Forschungsumgebung, die durch performative Praxen intra-universitär/ institutionell Wissenstransfer international initiiert, untersucht und veröffentlicht.</p><p><strong>ANTENNE Outreach &amp; (Inter)Action O/(I)A</strong></p><p>Die Antenna Outreach &amp; Interaction ist ein praxisorientiertes HUB, das Unterstützung und Fachwissen im Bereich der Performancekunst bietet. Sie ist mit der Universität, dem Berufsfeld und der freien Szene verbunden, um durch Neugier, Prosperität und Vielfalt eine transformative Wirkung zu erzielen.</p><p> </p>								</div>
				</div>
					</div>
				</div>
				</div>

<p>Vision Multiperspektivisches Wissen, somatische Praxis und Körperdenken werden in der Angewandten, freien Szene und Gesellschaft gelebt. Nachhaltigkeit und Vielfalt sind zur Selbstverständlichkeit [&hellip;]</p>
